{"id":36,"date":"2020-03-18T16:53:46","date_gmt":"2020-03-18T16:53:46","guid":{"rendered":"https:\/\/ehrensache-konz.de\/?page_id=36"},"modified":"2020-12-14T09:37:06","modified_gmt":"2020-12-14T09:37:06","slug":"hilfe-vor-ort","status":"publish","type":"page","link":"https:\/\/www.ehrensache-konz.de\/index.php\/hilfe-vor-ort\/","title":{"rendered":"Hilfe vor Ort"},"content":{"rendered":"\n<h4>Hier sind Informationen zu Initativen und Hilfen vor Ort, d.h. in Ortsgemeinden und Stadtteilen zu finden.<\/h4>\n<table style=\"border-collapse: collapse; width: 100%;\">\n<tbody>\n<tr>\n<td style=\"width: 22.1264%; background-color: #d1d1d1;\">\n<h4 style=\"text-align: center;\"><strong>Ort<\/strong><\/h4>\n<\/td>\n<td style=\"width: 51.0919%; background-color: #d1d1d1;\">\n<h4><strong>Unterst\u00fctzungsangebot<\/strong><\/h4>\n<\/td>\n<td style=\"width: 26.7816%; background-color: #d1d1d1;\">\n<h4><strong>Kontakt<\/strong><\/h4>\n<\/td>\n<\/tr>\n<tr>\n<td style=\"width: 22.1264%; text-align: center; vertical-align: top;\">\n<h4><strong>Filzen-Hamm<br \/><br \/><img decoding=\"async\" class=\"alignnone wp-image-224\" src=\"https:\/\/www.ehrensache-konz.de\/wp-content\/uploads\/2020\/03\/Hamm-1.jpg\" alt=\"\" width=\"52,5\" \/><\/strong><strong><img loading=\"lazy\" decoding=\"async\" class=\"alignnone wp-image-223\" src=\"https:\/\/www.ehrensache-konz.de\/wp-content\/uploads\/2020\/03\/Filzen.jpg\" alt=\"\" width=\"50\" height=\"60\" \/><\/strong><\/h4>\n<\/td>\n<td style=\"width: 51.0919%; vertical-align: top;\">\n<h5><strong>In Filzen-Hamm<\/strong> hat der Ortsvorsteher eine \u00f6rtliche Gruppe zur <strong>Nachbarschaftshilfe gegr\u00fcnde<\/strong>t.<br \/>B\u00fcrgerinnen und B\u00fcrgern, die zur Risikogruppe geh\u00f6ren, k\u00f6nnen dort Hilfe, z.B. bei Eink\u00e4ufen oder anderen Erledigungen erfragen.<\/h5>\n<h5>Auch weitere freiwillige Helfer melden sich bitte telefonisch, so dass die Ma\u00dfnahmen koordiniert werden k\u00f6nnen.<\/h5>\n<\/td>\n<td style=\"width: 26.7816%; vertical-align: top;\">\n<h5>telefonisch unter:<br \/>0162 28 70 149<br \/>(Egbert Dederichs,<br \/>Ortsvorsteher)<\/h5>\n<\/td>\n<\/tr>\n<tr>\n<td style=\"width: 22.1264%; text-align: center; vertical-align: top;\">\n<h4><strong>Kanzem<br \/><\/strong><\/h4>\n<p><img loading=\"lazy\" decoding=\"async\" class=\"aligncenter wp-image-361\" src=\"https:\/\/www.ehrensache-konz.de\/wp-content\/uploads\/2020\/04\/Kanzem1.jpg\" alt=\"\" width=\"105\" height=\"118\" \/><\/p>\n<\/td>\n<td style=\"width: 51.0919%; vertical-align: top;\">\n<h5><span lang=\"de-DE\">F\u00fcr diejenigen Mitmenschen in Kanzem, die aufgrund ihres Alters, einer Vorerkrankung oder wegen fehlender Mobilit\u00e4t Hilfe ben\u00f6tigen und auch nicht auf direkte Hilfe von Verwandten oder Freunden zur\u00fcckgreifen k\u00f6nnen, wird unb\u00fcrokratische Hilfe angeboten.\u00a0<br \/>Angeboten wird zum <\/span><span lang=\"de-DE\">Beispiel ein Einkaufsservice, ein Apothekenservice oder Boteng\u00e4nge zum Arzt (Rezepte abholen, Medikamente besorgen) sowie sonstige Hilfestellungen im Alltag.<\/span><\/h5>\n<\/td>\n<td style=\"width: 26.7816%; vertical-align: top;\">\n<h5>telefonisch unter:<br \/>0179 78 18 847<br \/>(Prisca Metzdorf)<br \/>oder<br \/>0160 90 14 3269<br \/>(Kerstin Spielvogel)<\/h5>\n<\/td>\n<\/tr>\n<tr>\n<td style=\"width: 22.1264%; text-align: center; vertical-align: top;\">\n<h4><strong>Kommlingen<\/strong><\/h4>\n<p style=\"text-align: left;\"><img loading=\"lazy\" decoding=\"async\" class=\"aligncenter wp-image-197\" src=\"https:\/\/www.ehrensache-konz.de\/wp-content\/uploads\/2020\/03\/Wappen-Kommlingen.jpg\" alt=\"\" width=\"105\" height=\"123\" \/><\/p>\n<\/td>\n<td style=\"width: 51.0919%; vertical-align: top;\">\n<h5>In Kommlingen hat der Heimatverein eine Nachbarschaftsinitiative gestartet und bieten bed\u00fcrftigen B\u00fcrgern ihre Hilfe an.<\/h5>\n<h5>Freiwillige, die sich in der Nachbarschaftshilfe engagieren m\u00f6chten, melden sich ebenso telefonisch, damit die Angebote koordiniert werden k\u00f6nnen.<\/h5>\n<\/td>\n<td style=\"width: 26.7816%; vertical-align: top;\">\n<h5>telefonisch unter:<br \/><strong>06501 5297<br \/>(<\/strong><strong>Lorenzo Mastrocesare<\/strong>,<br \/>1. Vorsitzender des<br \/>Heimatvereins<strong>)<br \/><\/strong><\/h5>\n<\/td>\n<\/tr>\n<tr>\n<td style=\"width: 22.1264%;\">\n<h4 style=\"text-align: center;\">Pellingen<\/h4>\n<p><img loading=\"lazy\" decoding=\"async\" class=\"aligncenter size-full wp-image-152\" src=\"https:\/\/www.ehrensache-konz.de\/wp-content\/uploads\/2020\/03\/Pellingen.jpg\" alt=\"\" width=\"105\" height=\"118\" \/><\/p>\n<\/td>\n<td style=\"width: 51.0919%;\">\n<h5>Die Jugendgruppe Pellingen m\u00f6chte Mitb\u00fcrger, die einer Risikogruppe angeh\u00f6ren, unterst\u00fctzen.<\/h5>\n<h5>Gerne unterst\u00fctzt die Gruppe beim Einkauf, ob Supermarkt oder Apotheke, W\u00e4scherei oder Drogerie.<\/h5>\n<h5>Weitere Infos gibt es &gt;<a href=\"http:\/\/www.pellingen.de\/\" target=\"_blank\" rel=\"noopener noreferrer\">hier<\/a>&lt;<\/h5>\n<\/td>\n<td style=\"width: 26.7816%;\">\n<h5><strong>per Mail mit dem Betreff \"Einkaufshilfe\" an:<br \/><a href=\"mailto:vorstand-jgp@web.de\">vorstand-jgp@web.de<\/a><br \/>oder telefonisch unter:<br \/>0176 70 66 75 44<br \/><\/strong><\/h5>\n<\/td>\n<\/tr>\n<tr>\n<td style=\"width: 22.1264%;\">\n<h4 style=\"text-align: center;\">Tawern<\/h4>\n<p style=\"text-align: center;\"><img loading=\"lazy\" decoding=\"async\" class=\"aligncenter wp-image-282 size-full\" src=\"https:\/\/www.ehrensache-konz.de\/wp-content\/uploads\/2020\/03\/Tawern.jpg\" alt=\"\" width=\"105\" height=\"118\" \/><\/p>\n<\/td>\n<td style=\"width: 51.0919%;\">\n<h5>Die Jugendgruppe Tawern bietet mit Unterst\u00fctzung der Frauengemeinschaft Tawern f\u00fcr \u00e4ltere Mitmenschen oder Menschen mit Vorerkrankung und Menschen in Quarant\u00e4ne, die keine famili\u00e4re oder nachbarschaftliche Unterst\u00fctzung haben, <span class=\"text_exposed_show\">einen Einkaufshilfedienst<\/span> an.<\/h5>\n<h5>Weitere Infos gibt es &gt;<a href=\"https:\/\/www.facebook.com\/svtawern\/photos\/a.754153048030307\/2693986227380303\/?type=3&amp;theater&amp;ifg=1\" target=\"_blank\" rel=\"noopener noreferrer\">hier<\/a>&lt;<\/h5>\n<\/td>\n<td style=\"width: 26.7816%;\">\n<h5><span class=\"fbPhotosPhotoCaption\" tabindex=\"0\" aria-live=\"polite\" data-ft=\"{&quot;tn&quot;:&quot;K&quot;}\"><span class=\"hasCaption\"><span class=\"text_exposed_show\">telefonisch unter:<br \/><\/span><\/span><\/span><span id=\"fbPhotoSnowliftCaption\" class=\"fbPhotosPhotoCaption\" tabindex=\"0\" aria-live=\"polite\" data-ft=\"{&quot;tn&quot;:&quot;K&quot;}\"><span class=\"hasCaption\"><span class=\"text_exposed_show\">0151 70 03 19 46<br \/>(<\/span><\/span><\/span><span id=\"fbPhotoSnowliftCaption\" class=\"fbPhotosPhotoCaption\" tabindex=\"0\" aria-live=\"polite\" data-ft=\"{&quot;tn&quot;:&quot;K&quot;}\"><span class=\"hasCaption\"><span class=\"text_exposed_show\">Andrea Gerardy,<br \/>Vorsitzende der Frauengemeinschaft)<br \/><\/span><\/span><\/span><\/h5>\n<\/td>\n<\/tr>\n<tr>\n<td style=\"width: 22.1264%;\">\n<h4 style=\"text-align: center;\">Temmels<\/h4>\n<p><img loading=\"lazy\" decoding=\"async\" class=\"aligncenter wp-image-153\" src=\"https:\/\/www.ehrensache-konz.de\/wp-content\/uploads\/2020\/03\/Temmels.jpg\" alt=\"\" width=\"105\" height=\"121\" \/><\/p>\n<\/td>\n<td style=\"width: 51.0919%;\">\n<h5>Die Ortsgemeinde Temmels m\u00f6chte f\u00fcr alle, die sich krankheitsbedingt oder wegen fehlender Mobilit\u00e4t nur schwer selbst versorgen k\u00f6nnen oder anderweitig Unterst\u00fctzung ben\u00f6tigen, Hilfe organisieren.<\/h5>\n<h5>Weitere Infos gibt es &gt;<a href=\"https:\/\/www.temmels.de\/\" target=\"_blank\" rel=\"noopener noreferrer\">hier<\/a>&lt;<\/h5>\n<\/td>\n<td style=\"width: 26.7816%;\">\n<h5>per Mail an: <br \/><a href=\"mailto:hilfe@temmels.de\">hilfe@temmels.de<\/a><br \/>oder telefonisch unter:<br \/>06584 99 008<\/h5>\n<h5><strong>\u00a0<\/strong><\/h5>\n<\/td>\n<\/tr>\n<tr>\n<td style=\"width: 22.1264%;\">\n<h4 style=\"text-align: center;\">Wasserliesch<\/h4>\n<p style=\"text-align: center;\"><img loading=\"lazy\" decoding=\"async\" class=\"aligncenter wp-image-353\" src=\"https:\/\/www.ehrensache-konz.de\/wp-content\/uploads\/2020\/04\/Wasserlich1.jpg\" alt=\"\" width=\"105\" height=\"122\" \/><\/p>\n<\/td>\n<td style=\"width: 51.0919%;\">\n<h5>Der Ortsb\u00fcrgermeister organisiert die Hilfe bei dringenden Erledigungen oder Eink\u00e4ufen in Zeiten der Corona-Pandemie.<\/h5>\n<h5>So werden die Anfragen von Hilfsbed\u00fcrftigen und die Angebote von Menschen, die anderen ihre Unterst\u00fctzung anbieten m\u00f6chten, koordiniert und zusammen gebracht.<\/h5>\n<\/td>\n<td style=\"width: 26.7816%;\">\n<h5>werktags von 9 bis 15 Uhr<\/h5>\n<h5>per Mail an:<br \/><a href=\"mailto:buergermeister@wasserliesch.eu\">buergermeister@wasserliesch.eu<\/a><\/h5>\n<h5>telefonisch unter:<br \/>06501 96 96 260<br \/>(Thomas M. Thelen,<br \/>Ortsb\u00fcrgermeister)<\/h5>\n<\/td>\n<\/tr>\n<tr>\n<td style=\"width: 22.1264%;\">\n<h4 style=\"text-align: center;\">Wellen<\/h4>\n<p><img loading=\"lazy\" decoding=\"async\" class=\"aligncenter wp-image-154\" src=\"https:\/\/www.ehrensache-konz.de\/wp-content\/uploads\/2020\/03\/Wellen.jpg\" alt=\"\" width=\"105\" height=\"121\" \/><\/p>\n<\/td>\n<td style=\"width: 51.0919%;\">\n<h5>Die Ortsgemeinde organisiert f\u00fcr Personen die Hilfe brauchen, z.B. bei Besorgungen von Eink\u00e4ufen, Hilfe.<\/h5>\n<h5>Weitere Infos gibt es &gt;<a href=\"https:\/\/www.wellen-mosel.de\/\" target=\"_blank\" rel=\"noopener noreferrer\">hier<\/a>&lt;<\/h5>\n<\/td>\n<td style=\"width: 26.7816%;\">\n<h5>per Mail an:<br \/><a href=\"mailto:buergermeister@wellen-mosel.de\">buergermeister@wellen-mosel.de<\/a><\/h5>\n<\/td>\n<\/tr>\n<\/tbody>\n<\/table>\n<h5>Die Liste wird fortlaufend erg\u00e4nzt. Gerne nehmen wir auch Ihr Angebot in die Liste auf. Nehmen Sie dazu bitte entweder telefonisch unter der Rufnummer 06501 940511 oder per Mail unter info@ehrensache-konz.de Kontakt zu uns auf.<\/h5>\n","protected":false},"excerpt":{"rendered":"<p>Hier sind Informationen zu Initativen und Hilfen vor Ort, d.h. in Ortsgemeinden und Stadtteilen zu finden. Ort Unterst\u00fctzungsangebot Kontakt Filzen-Hamm In Filzen-Hamm hat der Ortsvorsteher eine \u00f6rtliche Gruppe zur Nachbarschaftshilfe gegr\u00fcndet.B\u00fcrgerinnen und B\u00fcrgern, die zur Risikogruppe geh\u00f6ren, k\u00f6nnen dort Hilfe, z.B. bei Eink\u00e4ufen oder anderen Erledigungen erfragen. Auch weitere freiwillige Helfer melden sich bitte telefonisch, <a class=\"read-more\" href=\"https:\/\/www.ehrensache-konz.de\/index.php\/hilfe-vor-ort\/\">... weiterlesen <span class=\"meta-nav\">&rarr;<\/span><\/a><\/p>\n","protected":false},"author":1,"featured_media":0,"parent":0,"menu_order":0,"comment_status":"closed","ping_status":"closed","template":"","meta":{"footnotes":""},"class_list":["post-36","page","type-page","status-publish","hentry"],"_links":{"self":[{"href":"https:\/\/www.ehrensache-konz.de\/index.php\/wp-json\/wp\/v2\/pages\/36","targetHints":{"allow":["GET"]}}],"collection":[{"href":"https:\/\/www.ehrensache-konz.de\/index.php\/wp-json\/wp\/v2\/pages"}],"about":[{"href":"https:\/\/www.ehrensache-konz.de\/index.php\/wp-json\/wp\/v2\/types\/page"}],"author":[{"embeddable":true,"href":"https:\/\/www.ehrensache-konz.de\/index.php\/wp-json\/wp\/v2\/users\/1"}],"replies":[{"embeddable":true,"href":"https:\/\/www.ehrensache-konz.de\/index.php\/wp-json\/wp\/v2\/comments?post=36"}],"version-history":[{"count":46,"href":"https:\/\/www.ehrensache-konz.de\/index.php\/wp-json\/wp\/v2\/pages\/36\/revisions"}],"predecessor-version":[{"id":371,"href":"https:\/\/www.ehrensache-konz.de\/index.php\/wp-json\/wp\/v2\/pages\/36\/revisions\/371"}],"wp:attachment":[{"href":"https:\/\/www.ehrensache-konz.de\/index.php\/wp-json\/wp\/v2\/media?parent=36"}],"curies":[{"name":"wp","href":"https:\/\/api.w.org\/{rel}","templated":true}]}}